[INFO] fetching crate rundeck-api 0.1.0...
[INFO] checking rundeck-api-0.1.0 against master#af3c6e733a40e671550e0f0f5aeecaa13772ba56 for pr-74989
[INFO] extracting crate rundeck-api 0.1.0 into /workspace/builds/worker-1/source
[INFO] validating manifest of crates.io crate rundeck-api 0.1.0 on toolchain af3c6e733a40e671550e0f0f5aeecaa13772ba56
[INFO] running `Command { std: "/workspace/cargo-home/bin/cargo" "+af3c6e733a40e671550e0f0f5aeecaa13772ba56" "read-manifest" "--manifest-path" "Cargo.toml", kill_on_drop: false }`
[INFO] started tweaking crates.io crate rundeck-api 0.1.0
[INFO] finished tweaking crates.io crate rundeck-api 0.1.0
[INFO] tweaked toml for crates.io crate rundeck-api 0.1.0 written to /workspace/builds/worker-1/source/Cargo.toml
[INFO] running `Command { std: "/workspace/cargo-home/bin/cargo" "+af3c6e733a40e671550e0f0f5aeecaa13772ba56" "generate-lockfile" "--manifest-path" "Cargo.toml" "-Zno-index-update", kill_on_drop: false }`
[INFO] running `Command { std: "/workspace/cargo-home/bin/cargo" "+af3c6e733a40e671550e0f0f5aeecaa13772ba56" "fetch" "--locked" "--manifest-path" "Cargo.toml", kill_on_drop: false }`
[INFO] running `Command { std: "docker" "create" "-v" "/var/lib/crater-agent-workspace/builds/worker-1/target:/opt/rustwide/target:rw,Z" "-v" "/var/lib/crater-agent-workspace/builds/worker-1/source:/opt/rustwide/workdir:ro,Z" "-v" "/var/lib/crater-agent-workspace/cargo-home:/opt/rustwide/cargo-home:ro,Z" "-v" "/var/lib/crater-agent-workspace/rustup-home:/opt/rustwide/rustup-home:ro,Z" "-e" "SOURCE_DIR=/opt/rustwide/workdir" "-e" "CARGO_TARGET_DIR=/opt/rustwide/target" "-e" "CARGO_HOME=/opt/rustwide/cargo-home" "-e" "RUSTUP_HOME=/opt/rustwide/rustup-home" "-w" "/opt/rustwide/workdir" "-m" "1610612736" "--user" "0:0" "--network" "none" "rustops/crates-build-env@sha256:d92eaeed33fa75130ca1ee6c8a01d1ffb62bac859dfdfb3450e3e5d1c0146529" "/opt/rustwide/cargo-home/bin/cargo" "+af3c6e733a40e671550e0f0f5aeecaa13772ba56" "metadata" "--no-deps" "--format-version=1", kill_on_drop: false }`
[INFO] [stdout] 1416ef1cdbf753dd9c8621f07be1f2894f5b04bc9c62bdcecec48dec9f152f7a
[INFO] [stderr] WARNING: Your kernel does not support swap limit capabilities or the cgroup is not mounted. Memory limited without swap.
[INFO] running `Command { std: "docker" "start" "-a" "1416ef1cdbf753dd9c8621f07be1f2894f5b04bc9c62bdcecec48dec9f152f7a", kill_on_drop: false }`
[INFO] running `Command { std: "docker" "inspect" "1416ef1cdbf753dd9c8621f07be1f2894f5b04bc9c62bdcecec48dec9f152f7a", kill_on_drop: false }`
[INFO] running `Command { std: "docker" "rm" "-f" "1416ef1cdbf753dd9c8621f07be1f2894f5b04bc9c62bdcecec48dec9f152f7a", kill_on_drop: false }`
[INFO] [stdout] 1416ef1cdbf753dd9c8621f07be1f2894f5b04bc9c62bdcecec48dec9f152f7a
[INFO] running `Command { std: "docker" "create" "-v" "/var/lib/crater-agent-workspace/builds/worker-1/target:/opt/rustwide/target:rw,Z" "-v" "/var/lib/crater-agent-workspace/builds/worker-1/source:/opt/rustwide/workdir:ro,Z" "-v" "/var/lib/crater-agent-workspace/cargo-home:/opt/rustwide/cargo-home:ro,Z" "-v" "/var/lib/crater-agent-workspace/rustup-home:/opt/rustwide/rustup-home:ro,Z" "-e" "SOURCE_DIR=/opt/rustwide/workdir" "-e" "CARGO_TARGET_DIR=/opt/rustwide/target" "-e" "CARGO_INCREMENTAL=0" "-e" "RUST_BACKTRACE=full" "-e" "RUSTFLAGS=--cap-lints=forbid" "-e" "CARGO_HOME=/opt/rustwide/cargo-home" "-e" "RUSTUP_HOME=/opt/rustwide/rustup-home" "-w" "/opt/rustwide/workdir" "-m" "1610612736" "--user" "0:0" "--network" "none" "rustops/crates-build-env@sha256:d92eaeed33fa75130ca1ee6c8a01d1ffb62bac859dfdfb3450e3e5d1c0146529" "/opt/rustwide/cargo-home/bin/cargo" "+af3c6e733a40e671550e0f0f5aeecaa13772ba56" "check" "--frozen" "--all" "--all-targets" "--message-format=json", kill_on_drop: false }`
[INFO] [stdout] 7459df583d408a1f0e8e44f52678a843f1eba88b0accf19dc1ca658ad51d72eb
[INFO] [stderr] WARNING: Your kernel does not support swap limit capabilities or the cgroup is not mounted. Memory limited without swap.
[INFO] running `Command { std: "docker" "start" "-a" "7459df583d408a1f0e8e44f52678a843f1eba88b0accf19dc1ca658ad51d72eb", kill_on_drop: false }`
[INFO] [stderr]     Checking cfg-if v0.1.10
[INFO] [stderr]    Compiling log v0.4.11
[INFO] [stderr]    Compiling syn v1.0.40
[INFO] [stderr]     Checking bytes v0.5.6
[INFO] [stderr]     Checking futures-core v0.3.5
[INFO] [stderr]     Checking slab v0.4.2
[INFO] [stderr]    Compiling pin-project-internal v0.4.23
[INFO] [stderr]     Checking itoa v0.4.6
[INFO] [stderr]    Compiling bitflags v1.2.1
[INFO] [stderr]     Checking pin-project-lite v0.1.7
[INFO] [stderr]     Checking foreign-types-shared v0.1.1
[INFO] [stderr]     Checking futures-sink v0.3.5
[INFO] [stderr]     Checking pin-utils v0.1.0
[INFO] [stderr]     Checking matches v0.1.8
[INFO] [stderr]    Compiling native-tls v0.2.4
[INFO] [stderr]    Compiling httparse v1.3.4
[INFO] [stderr]     Checking hashbrown v0.9.0
[INFO] [stderr]     Checking try-lock v0.2.3
[INFO] [stderr]     Checking openssl-probe v0.1.2
[INFO] [stderr]     Checking tower-service v0.3.0
[INFO] [stderr]     Checking percent-encoding v2.1.0
[INFO] [stderr]    Compiling serde_json v1.0.57
[INFO] [stderr]     Checking mime v0.3.16
[INFO] [stderr]     Checking base64 v0.12.3
[INFO] [stderr]    Compiling indexmap v1.6.0
[INFO] [stderr]     Checking tracing-core v0.1.16
[INFO] [stderr]    Compiling unicase v2.6.0
[INFO] [stderr]     Checking unicode-bidi v0.3.4
[INFO] [stderr]     Checking foreign-types v0.3.2
[INFO] [stderr]     Checking futures-channel v0.3.5
[INFO] [stderr]     Checking encoding_rs v0.8.24
[INFO] [stderr]     Checking iovec v0.1.4
[INFO] [stderr]     Checking net2 v0.2.35
[INFO] [stderr]     Checking socket2 v0.3.15
[INFO] [stderr]     Checking time v0.1.44
[INFO] [stderr]     Checking http v0.2.1
[INFO] [stderr]     Checking idna v0.2.0
[INFO] [stderr]     Checking openssl v0.10.30
[INFO] [stderr]     Checking mio v0.6.22
[INFO] [stderr]     Checking tracing v0.1.19
[INFO] [stderr]     Checking want v0.3.0
[INFO] [stderr]    Compiling mime_guess v2.0.3
[INFO] [stderr]     Checking url v2.1.1
[INFO] [stderr]     Checking tokio v0.2.22
[INFO] [stderr]     Checking serde_urlencoded v0.6.1
[INFO] [stderr]     Checking http-body v0.3.1
[INFO] [stderr]     Checking tokio-util v0.3.1
[INFO] [stderr]     Checking tokio-tls v0.3.1
[INFO] [stderr]    Compiling serde_derive v1.0.116
[INFO] [stderr]     Checking pin-project v0.4.23
[INFO] [stderr]     Checking futures-util v0.3.5
[INFO] [stderr]     Checking h2 v0.2.6
[INFO] [stderr]     Checking hyper v0.13.7
[INFO] [stderr]     Checking hyper-tls v0.4.3
[INFO] [stderr]     Checking reqwest v0.10.8
[INFO] [stderr]     Checking rundeck-api v0.1.0 (/opt/rustwide/workdir)
[INFO] [stdout] error[E0432]: unresolved imports `reqwest::header::Headers`, `reqwest::header::ContentType`, `reqwest::header::Accept`
[INFO] [stdout]  --> src/lib.rs:6:23
[INFO] [stdout]   |
[INFO] [stdout] 6 | use reqwest::header::{Headers, ContentType, Accept};
[INFO] [stdout]   |                       ^^^^^^^  ^^^^^^^^^^^  ^^^^^^ no `Accept` in `header`
[INFO] [stdout]   |                       |        |
[INFO] [stdout]   |                       |        no `ContentType` in `header`
[INFO] [stdout]   |                       no `Headers` in `header`
[INFO] [stdout] 
[INFO] [stdout] 
[INFO] [stdout] error[E0432]: unresolved imports `reqwest::header::Headers`, `reqwest::header::ContentType`, `reqwest::header::Accept`
[INFO] [stdout]  --> src/lib.rs:6:23
[INFO] [stdout]   |
[INFO] [stdout] 6 | use reqwest::header::{Headers, ContentType, Accept};
[INFO] [stdout]   |                       ^^^^^^^  ^^^^^^^^^^^  ^^^^^^ no `Accept` in `header`
[INFO] [stdout]   |                       |        |
[INFO] [stdout]   |                       |        no `ContentType` in `header`
[INFO] [stdout]   |                       no `Headers` in `header`
[INFO] [stdout] 
[INFO] [stdout] 
[INFO] [stdout] error[E0599]: no method named `expect` found for struct `reqwest::Client` in the current scope
[INFO] [stdout]   --> src/lib.rs:30:44
[INFO] [stdout]    |
[INFO] [stdout] 30 |         let inner = reqwest::Client::new().expect("Cannot create an HTTP client");
[INFO] [stdout]    |                                            ^^^^^^ method not found in `reqwest::Client`
[INFO] [stdout] 
[INFO] [stdout] 
[INFO] [stdout] error[E0599]: no method named `expect` found for struct `reqwest::Client` in the current scope
[INFO] [stdout]   --> src/lib.rs:30:44
[INFO] [stdout]    |
[INFO] [stdout] 30 |         let inner = reqwest::Client::new().expect("Cannot create an HTTP client");
[INFO] [stdout]    |                                            ^^^^^^ method not found in `reqwest::Client`
[INFO] [stdout] 
[INFO] [stdout] 
[INFO] [stdout] error[E0599]: no associated item named `Options` found for struct `Method` in the current scope
[INFO] [stdout]   --> src/lib.rs:49:59
[INFO] [stdout]    |
[INFO] [stdout] 49 | ...   let mut req = self.inner.request(reqwest::Method::Options, &format!("{}", self.url)).expect("Unable to build the check http request");
[INFO] [stdout]    |                                                         ^^^^^^^ associated item not found in `Method`
[INFO] [stdout] 
[INFO] [stdout] 
[INFO] [stdout] error[E0599]: no method named `expect` found for struct `RequestBuilder` in the current scope
[INFO] [stdout]   --> src/lib.rs:49:94
[INFO] [stdout]    |
[INFO] [stdout] 49 | ...   let mut req = self.inner.request(reqwest::Method::Options, &format!("{}", self.url)).expect("Unable to build the check http request");
[INFO] [stdout]    |                                                                                            ^^^^^^ method not found in `RequestBuilder`
[INFO] [stdout] 
[INFO] [stdout] 
[INFO] [stdout] error[E0599]: no associated item named `Options` found for struct `Method` in the current scope
[INFO] [stdout]   --> src/lib.rs:49:59
[INFO] [stdout]    |
[INFO] [stdout] 49 | ...   let mut req = self.inner.request(reqwest::Method::Options, &format!("{}", self.url)).expect("Unable to build the check http request");
[INFO] [stdout]    |                                                         ^^^^^^^ associated item not found in `Method`
[INFO] [stdout] 
[INFO] [stdout] 
[INFO] [stdout] error[E0599]: no method named `unwrap` found for struct `RequestBuilder` in the current scope
[INFO] [stdout]   --> src/lib.rs:65:44
[INFO] [stdout]    |
[INFO] [stdout] 65 |         let mut res = self.inner.get(&url).unwrap()
[INFO] [stdout]    |                                            ^^^^^^ method not found in `RequestBuilder`
[INFO] [stdout] 
[INFO] [stdout] 
[INFO] [stdout] error[E0599]: no method named `expect` found for struct `RequestBuilder` in the current scope
[INFO] [stdout]   --> src/lib.rs:49:94
[INFO] [stdout]    |
[INFO] [stdout] 49 | ...   let mut req = self.inner.request(reqwest::Method::Options, &format!("{}", self.url)).expect("Unable to build the check http request");
[INFO] [stdout]    |                                                                                            ^^^^^^ method not found in `RequestBuilder`
[INFO] [stdout] 
[INFO] [stdout] 
[INFO] [stdout] error[E0599]: no method named `unwrap` found for struct `RequestBuilder` in the current scope
[INFO] [stdout]   --> src/lib.rs:65:44
[INFO] [stdout]    |
[INFO] [stdout] 65 |         let mut res = self.inner.get(&url).unwrap()
[INFO] [stdout]    |                                            ^^^^^^ method not found in `RequestBuilder`
[INFO] [stdout] 
[INFO] [stdout] 
[INFO] [stdout] error[E0599]: no method named `unwrap` found for struct `RequestBuilder` in the current scope
[INFO] [stdout]   --> src/lib.rs:89:31
[INFO] [stdout]    |
[INFO] [stdout] 89 |         self.inner.post(&url).unwrap()
[INFO] [stdout]    |                               ^^^^^^ method not found in `RequestBuilder`
[INFO] [stdout] 
[INFO] [stdout] 
[INFO] [stdout] error[E0599]: no method named `unwrap` found for struct `RequestBuilder` in the current scope
[INFO] [stdout]   --> src/lib.rs:89:31
[INFO] [stdout]    |
[INFO] [stdout] 89 |         self.inner.post(&url).unwrap()
[INFO] [stdout]    |                               ^^^^^^ method not found in `RequestBuilder`
[INFO] [stdout] 
[INFO] [stdout] 
[INFO] [stdout] warning: unused import: `std::io::Read`
[INFO] [stdout]  --> src/lib.rs:8:5
[INFO] [stdout]   |
[INFO] [stdout] 8 | use std::io::Read;
[INFO] [stdout]   |     ^^^^^^^^^^^^^
[INFO] [stdout]   |
[INFO] [stdout]   = note: `#[warn(unused_imports)]` on by default
[INFO] [stdout] 
[INFO] [stdout] 
[INFO] [stdout] error: aborting due to 6 previous errors; 1 warning emitted
[INFO] [stdout] 
[INFO] [stdout] 
[INFO] [stdout] Some errors have detailed explanations: E0432, E0599.
[INFO] [stdout] 
[INFO] [stdout] For more information about an error, try `rustc --explain E0432`.
[INFO] [stdout] 
[INFO] [stderr] error: could not compile `rundeck-api`.
[INFO] [stderr] 
[INFO] [stderr] To learn more, run the command again with --verbose.
[INFO] [stderr] warning: build failed, waiting for other jobs to finish...
[INFO] [stdout] warning: unused import: `std::io::Read`
[INFO] [stdout]  --> src/lib.rs:8:5
[INFO] [stdout]   |
[INFO] [stdout] 8 | use std::io::Read;
[INFO] [stdout]   |     ^^^^^^^^^^^^^
[INFO] [stdout]   |
[INFO] [stdout]   = note: `#[warn(unused_imports)]` on by default
[INFO] [stdout] 
[INFO] [stdout] 
[INFO] [stdout] error: aborting due to 6 previous errors; 1 warning emitted
[INFO] [stdout] 
[INFO] [stdout] 
[INFO] [stdout] Some errors have detailed explanations: E0432, E0599.
[INFO] [stdout] 
[INFO] [stdout] For more information about an error, try `rustc --explain E0432`.
[INFO] [stdout] 
[INFO] [stderr] error: build failed
[INFO] running `Command { std: "docker" "inspect" "7459df583d408a1f0e8e44f52678a843f1eba88b0accf19dc1ca658ad51d72eb", kill_on_drop: false }`
[INFO] running `Command { std: "docker" "rm" "-f" "7459df583d408a1f0e8e44f52678a843f1eba88b0accf19dc1ca658ad51d72eb", kill_on_drop: false }`
[INFO] [stdout] 7459df583d408a1f0e8e44f52678a843f1eba88b0accf19dc1ca658ad51d72eb
